{"id":15,"date":"2019-02-25T18:23:27","date_gmt":"2019-02-25T18:23:27","guid":{"rendered":"http:\/\/www.stabhoch.ch\/?page_id=15"},"modified":"2022-06-13T09:31:48","modified_gmt":"2022-06-13T09:31:48","slug":"ueber-mich","status":"publish","type":"page","link":"http:\/\/www.stabhoch.ch\/?page_id=15","title":{"rendered":"Beitr\u00e4ge"},"content":{"rendered":"\n<figure class=\"wp-block-image is-resized\"><img loading=\"lazy\" src=\"http:\/\/www.stabhoch.ch\/wp-content\/uploads\/2019\/03\/IMG-20190305-WA0001-1024x768.jpg\" alt=\"\" class=\"wp-image-161\" width=\"256\" height=\"192\" srcset=\"http:\/\/www.stabhoch.ch\/wp-content\/uploads\/2019\/03\/IMG-20190305-WA0001-1024x768.jpg 1024w, http:\/\/www.stabhoch.ch\/wp-content\/uploads\/2019\/03\/IMG-20190305-WA0001-300x225.jpg 300w, http:\/\/www.stabhoch.ch\/wp-content\/uploads\/2019\/03\/IMG-20190305-WA0001-768x576.jpg 768w, http:\/\/www.stabhoch.ch\/wp-content\/uploads\/2019\/03\/IMG-20190305-WA0001.jpg 1600w\" sizes=\"(max-width: 256px) 100vw, 256px\" \/><\/figure>\n\n\n\n<p><\/p>\n\n\n\n<p class=\"has-large-font-size\"><strong>Grundlagen Stabhochsprung<\/strong><\/p>\n\n\n\n<p><a href=\"http:\/\/www.stabhoch.ch\/?page_id=68\">Die Wahl des Stabes \u2013 Irrungen und Wirrungen &#8211; Teil 1 L\u00e4nge der St\u00e4be<\/a><\/p>\n\n\n\n<p><a href=\"http:\/\/www.stabhoch.ch\/?page_id=170\">Die Wahl des Stabes &#8211; Irrungen und Wirrungen &#8211; Teil 2 Gewichtsangabe und Flex<\/a><\/p>\n\n\n\n<p><a href=\"http:\/\/www.stabhoch.ch\/?page_id=216\">Die Wahl des Stabes \u2013 Irrungen und Wirrungen &#8211; Teil 3 \u2013 Wechsel in der L\u00e4nge<\/a><\/p>\n\n\n\n<p><a href=\"http:\/\/www.stabhoch.ch\/?page_id=237\">Das Verh\u00e4ltnis von Griffh\u00f6he und Stabh\u00e4rte und das &#8222;Auge&#8220; f\u00fcr den Stabhochsprung<\/a><\/p>\n\n\n\n<p><a href=\"http:\/\/www.stabhoch.ch\/?page_id=271\">St\u00e4be altern &#8211; wie alles andere auch<\/a><\/p>\n\n\n\n<p><a href=\"http:\/\/www.stabhoch.ch\/?page_id=277\">St\u00e4be Marken und Modelle<\/a><\/p>\n\n\n\n<p class=\"has-large-font-size\"><strong>Trainer-Ausbildung \/ Psychologie<\/strong><\/p>\n\n\n\n<p><a href=\"http:\/\/www.stabhoch.ch\/?page_id=924\" data-type=\"page\" data-id=\"924\">Athlet-Trainer-Beziehung mit Blich auf die Entwicklung der Selbst\u00e4ndigkeit des Athleten<\/a><\/p>\n\n\n\n<p><a href=\"http:\/\/www.stabhoch.ch\/?page_id=869\" data-type=\"page\" data-id=\"869\">Erfolgsfaktor &#8222;selber denken&#8220;<\/a><\/p>\n\n\n\n<p><a href=\"http:\/\/www.stabhoch.ch\/?page_id=656\">Selbst\u00e4ndiges Trainieren<\/a><\/p>\n\n\n\n<p><a href=\"http:\/\/www.stabhoch.ch\/?page_id=283\">Expertise &#8211;  Vom effizienten Stabhoch-Coaching <br>und dem Coaching auf Top-Niveau<\/a><\/p>\n\n\n\n<p><a href=\"http:\/\/www.stabhoch.ch\/?page_id=475\">Spiegelneuronen \u2013 oder weshalb aus \u201eNichts\u201c nur langsam \u201eEtwas\u201c wird<\/a><\/p>\n\n\n\n<p><a href=\"http:\/\/www.stabhoch.ch\/?page_id=391\">Das Video-Standbild&nbsp; &#8211; Tod der Dynamik<\/a> <\/p>\n\n\n\n<p><a href=\"http:\/\/www.stabhoch.ch\/?page_id=262\">Die schwarze Katze &#8211; oder weshalb gut gemeint nicht gut ist<\/a><\/p>\n\n\n\n<p class=\"has-large-font-size\"><strong>Material<\/strong><\/p>\n\n\n\n<p><a href=\"http:\/\/www.stabhoch.ch\/?page_id=310\">Schuhe? &#8211; Geht&#8217;s noch? &#8211; Sinn und Unsinn von und mit Sportschuhen<\/a><\/p>\n\n\n\n<p><a href=\"http:\/\/www.stabhoch.ch\/?page_id=252\">Stabhochsprunglatten<\/a><\/p>\n\n\n\n<p><a href=\"http:\/\/www.stabhoch.ch\/?page_id=353\">Stab-End-Zapfen<\/a><\/p>\n\n\n\n<p class=\"has-large-font-size\"><strong>Schuhtests<\/strong><\/p>\n\n\n\n<p><a href=\"http:\/\/www.stabhoch.ch\/?page_id=770\">Saucony Type A9 Schuhtest<\/a><\/p>\n\n\n\n<p class=\"has-large-font-size\"><strong>Literaturempfehlungen<\/strong><\/p>\n\n\n\n<p><a href=\"http:\/\/www.stabhoch.ch\/?page_id=338\">Brad Stulberg &#8211; Steve Magness &#8211; Peak Performance<\/a><\/p>\n\n\n\n<p><a href=\"http:\/\/www.stabhoch.ch\/?page_id=648\">Frans Bosch &#8211; Strength training and coordination: an integrative approach<\/a><\/p>\n\n\n\n<p><a href=\"http:\/\/www.stabhoch.ch\/?page_id=952\" data-type=\"page\" data-id=\"952\">Rick Suhr &#8211; Running into the Headwind, The price of gold the untold true story <\/a><\/p>\n\n\n\n<p><a href=\"http:\/\/www.stabhoch.ch\/?page_id=244\">K. Anders Ericsson &#8211; Peak: Secrets From The New Science of Expertise<\/a><\/p>\n\n\n\n<p><a href=\"http:\/\/www.stabhoch.ch\/?page_id=295\">Gerald H\u00fcther &#8211; Biologie der Angst &#8211; Wie aus Stress Gef\u00fchle werden<\/a><\/p>\n\n\n\n<p><a href=\"https:\/\/www.stabhoch.ch\/?page_id=364\">Christopher McDougall &#8211; Born To Run<\/a><\/p>\n\n\n\n<p><a href=\"http:\/\/www.stabhoch.ch\/?page_id=384\">Scott Jurek &#8211; Eat &amp; Run<\/a><\/p>\n\n\n\n<p class=\"has-large-font-size\"><strong>Medizin<\/strong><\/p>\n\n\n\n<p><a href=\"http:\/\/www.stabhoch.ch\/?page_id=512\">Degeneration &#8211; k\u00f6rperliche Konstitution<\/a><\/p>\n\n\n\n<p><a href=\"https:\/\/www.stabhoch.ch\/?page_id=376\">Doping ist nicht gleich Doping<\/a><\/p>\n\n\n\n<p class=\"has-large-font-size\"><strong>Reglemente \/ Ordnungen<\/strong><\/p>\n\n\n\n<p><a href=\"http:\/\/www.stabhoch.ch\/?page_id=642\">Sprungh\u00f6hen &#8211; Mut zur Kreativit\u00e4t<\/a><\/p>\n\n\n\n<p><a href=\"http:\/\/www.stabhoch.ch\/?page_id=228\">Olympia Qualifikationsmodus\ufeff<\/a><\/p>\n\n\n\n<p><a href=\"http:\/\/www.stabhoch.ch\/?page_id=195\">Einspringen oder &#8222;die Zeit steht eben nicht still&#8220;<\/a><\/p>\n","protected":false},"excerpt":{"rendered":"<div class=\"entry-summary\">\n<p>Wissen. Fakten. Zahlen.<\/p>\n<\/div>\n<div class=\"link-more\"><a href=\"http:\/\/www.stabhoch.ch\/?page_id=15\" class=\"more-link\">Continue reading<span class=\"screen-reader-text\"> &ldquo;Beitr\u00e4ge&rdquo;<\/span>&hellip;<\/a><\/div>\n","protected":false},"author":1,"featured_media":0,"parent":0,"menu_order":12,"comment_status":"closed","ping_status":"closed","template":"","meta":[],"_links":{"self":[{"href":"http:\/\/www.stabhoch.ch\/index.php?rest_route=\/wp\/v2\/pages\/15"}],"collection":[{"href":"http:\/\/www.stabhoch.ch\/index.php?rest_route=\/wp\/v2\/pages"}],"about":[{"href":"http:\/\/www.stabhoch.ch\/index.php?rest_route=\/wp\/v2\/types\/page"}],"author":[{"embeddable":true,"href":"http:\/\/www.stabhoch.ch\/index.php?rest_route=\/wp\/v2\/users\/1"}],"replies":[{"embeddable":true,"href":"http:\/\/www.stabhoch.ch\/index.php?rest_route=%2Fwp%2Fv2%2Fcomments&post=15"}],"version-history":[{"count":56,"href":"http:\/\/www.stabhoch.ch\/index.php?rest_route=\/wp\/v2\/pages\/15\/revisions"}],"predecessor-version":[{"id":1335,"href":"http:\/\/www.stabhoch.ch\/index.php?rest_route=\/wp\/v2\/pages\/15\/revisions\/1335"}],"wp:attachment":[{"href":"http:\/\/www.stabhoch.ch\/index.php?rest_route=%2Fwp%2Fv2%2Fmedia&parent=15"}],"curies":[{"name":"wp","href":"https:\/\/api.w.org\/{rel}","templated":true}]}}