{"id":271,"date":"2019-03-19T14:24:30","date_gmt":"2019-03-19T14:24:30","guid":{"rendered":"http:\/\/www.stabhoch.ch\/?page_id=271"},"modified":"2021-02-12T22:29:37","modified_gmt":"2021-02-12T22:29:37","slug":"staebe-altern-wie-alles-andere-auch","status":"publish","type":"page","link":"http:\/\/www.stabhoch.ch\/?page_id=271","title":{"rendered":"St\u00e4be altern &#8211; wie alles andere auch"},"content":{"rendered":"<p><a href=\"http:\/\/www.stabhoch.ch\/wp-content\/uploads\/2021\/02\/Staebe-altern-wie-alles-andere-auch-Patrick-Schuetz-Stabhoch.ch_-1.pdf\" target=\"_blank\" rel=\"noopener noreferrer\">PDF-Download<\/a><\/p>\n<p style=\"text-align: justify;\"><span style=\"font-size: 11.0pt; font-family: 'Arial',sans-serif;\">Diese Thematik besch\u00e4ftigt mich pers\u00f6nlich sehr. Nicht nur von Berufs wegen \u2013 Stichworte Haftpflicht und Verantwortlichkeit.<\/span><\/p>\n<p style=\"text-align: justify;\"><span style=\"font-size: 11.0pt; font-family: 'Arial',sans-serif;\">Der Geburtstag\/Jahrgang eines Stabes ist auf jedem Stab ab oberen Ende markiert. Auf den \u00e4lteren St\u00e4ben (und allen UCS\/Spirit St\u00e4ben) ist er eingeritzt auf den neueren (insb. Marke Pacer) auch auf einem Aufkleber abzulesen.<\/span><\/p>\n<p style=\"text-align: justify;\"><span style=\"font-size: 11.0pt; font-family: 'Arial',sans-serif;\">Die Unwissenheit oder das mangelnde Bewusstsein \u00fcber \u00abalte St\u00e4be\u00bb, die mir aus der Welt zu schaffen ein Anliegen sind, l\u00e4sst sich wie folgt erkl\u00e4ren:<\/span><\/p>\n<p style=\"text-align: justify;\"><span style=\"font-size: 11.0pt; font-family: 'Arial',sans-serif;\">Fragst du dich, bei einem Skihelm, denn du schon 15 Jahre besitzt, ob der noch taugt? Ein Helm besteht aus Styropor und einer Plastikschicht. Ein Skihelm wird nicht \u00abgebogen\u00bb, also beansprucht wie ein Stab.<\/span><\/p>\n<p style=\"text-align: justify;\"><span style=\"font-size: 11.0pt; font-family: 'Arial',sans-serif;\">Und wie ist es mit deinem Fahrradhelm?<\/span><\/p>\n<p style=\"text-align: justify;\"><span style=\"font-size: 11.0pt; font-family: 'Arial',sans-serif;\">F\u00e4hrst du Ski, die \u00e4lter sind als 15 Jahre? Skis werden w\u00e4hrend ein paar Tagen im Jahr beansprucht, dabei aber nicht um 90\u00b0 gebogen wie ein Stab.<\/span><\/p>\n<p style=\"text-align: justify;\"><span style=\"font-size: 11.0pt; font-family: 'Arial',sans-serif;\">Alles aus Kunststoff altert und wird irgendwann br\u00fcchig. Ein Stabhochsprungstab besteht aus Fiberglas- oder Carbonstofffasern (weich wie ein Tuch), die zusammen mit Harz unter Hitze geh\u00e4rtet werden.<\/span><\/p>\n<p style=\"text-align: justify;\"><span style=\"font-size: 11.0pt; font-family: 'Arial',sans-serif;\">Jetzt schaust du auf einen Stabhochsprungstab, an den du dich kopf\u00fcber in 4 bis 5 Meter H\u00f6he katapultieren l\u00e4sst. Dabei biegst du den Stab bis 90\u00b0. Ein Gemisch aus Stoffplanen und Harz. Der Stab fiel tausende Male in den letzten 15 Jahren zu Boden (beim Springen, beim Transport). Das Material wird seit 15 Jahren abgen\u00fctzt.<\/span><\/p>\n<p style=\"text-align: justify;\"><span style=\"font-size: 11.0pt; font-family: 'Arial',sans-serif;\">Ist es gescheit, zu warten, bis der Stab einfach bricht, weil er zu alt ist? Wirst du derjenige sein, der am Tag X den Stab in seine letzte Biegung zwingst, bevor er mit einem lauten Knall sein Verfallsdatum verk\u00fcndet? W\u00fcrdest du deine Ski fahren, bis sie unter deinen F\u00fcssen brechen?<\/span><\/p>\n<p style=\"text-align: justify;\"><span style=\"font-size: 11.0pt; font-family: 'Arial',sans-serif;\">Die Leistung eines Stabes wird mit dem Alter schlechter. Die Elastizit\u00e4t eines Stabes im ersten Jahr ist immer besser als im 5. Jahr und nat\u00fcrlich im 15. Jahr. Die Elastizit\u00e4t des Harzes kann sich \u00fcber die Dauer der Zeit nicht verbessern, das ist physikalisch unm\u00f6glich. Nicht umsonst bestellen bzw. erhalten die Top-Stars alle paar Jahre neue St\u00e4be. Skifahrer fahren auch nicht 10 Jahre denselben Ski, 2 bis 3 Jahre vielleicht, wenn sie damit ein gutes Feeling hatten, mehr nicht.<\/span><\/p>\n<p style=\"text-align: justify;\"><span style=\"font-size: 11.0pt; font-family: 'Arial',sans-serif;\">Nun wird der eine oder andere anmerken, aber das kostet doch so viel! Wir k\u00f6nnen doch nicht all unsere St\u00e4be ersetzen, wenn sie 15 Jahre alt sind!<\/span><\/p>\n<p style=\"text-align: justify;\"><span style=\"font-size: 11.0pt; font-family: 'Arial',sans-serif;\">Was heisst das konsequent zu Ende gedacht? Jeder Stab muss bis zum Brechen gesprungen werden?<\/span><\/p>\n<p style=\"text-align: justify;\"><span style=\"font-size: 11.0pt; font-family: 'Arial',sans-serif;\">Jeder Athlet, der so denkt, dem kann nicht geholfen werden. Jeder Verein, der so denkt (oder eben gerade nicht dar\u00fcber nachdenkt, St\u00e4be zu ersetzen, bevor sich jemand verletzt), sollte \u00fcber seine Verantwortlichkeit ernsthaft nachdenken. In letzter Konsequenz kommt es einer fahrl\u00e4ssigen K\u00f6rperverletzung gleich, den Athleten altes Material \u00abzu Ende\u00bb springen zu lassen. Die Vorgabe, dass es erst nach einem Bruch einen neuen Stab gibt, ist geradezu grotesk. <\/span><\/p>\n<p style=\"text-align: justify;\"><span style=\"font-size: 11.0pt; font-family: 'Arial',sans-serif;\">Abhilfe schafft nur eine regelm\u00e4ssige Beurteilung der St\u00e4be durch einen Fachmann und die Festlegung eines Maximalalters. Nat\u00fcrlich kann ein wenig benutzter gut erhaltener Stab auch 5 Jahre l\u00e4nger halten, sogar 10. Aber auch ein Fahrradhelm k\u00f6nnte 20 Jahre halten und wird vermutlich nie in seiner Karriere \u00abzum Einsatz\u00bb kommen, aber niemand w\u00fcrde es darauf ankommen lassen und einen 20 Jahre alten Fahrradhelm tragen (und nochmals, der wird nicht st\u00e4ndig wie ein Stab gebogen!).<\/span><\/p>\n<p style=\"text-align: justify;\"><span style=\"font-size: 11.0pt; font-family: 'Arial',sans-serif;\">Die Gewohnheit ist hier der eigentliche Feind. Es scheint sich ausser den Top-Springern niemand wirklich Gedanken dar\u00fcber zu machen, was es heisst, alte St\u00e4be zu springen. Kaum jemand weiss, dass die alten St\u00e4be einen\u00a0weniger stark katapultieren als neue, wer hat schon den 1:1-vergleich. Und wegen der hohen Kosten kommt niemand darauf, rechtzeitig Ersatz anzuschaffen.<\/span><\/p>\n<p style=\"text-align: justify;\"><span style=\"font-size: 11.0pt; font-family: 'Arial',sans-serif;\">Aber es geht mir hier um Unf\u00e4lle, nicht Zentimeter.<\/span><\/p>\n<p style=\"text-align: justify;\"><span style=\"font-size: 11.0pt; font-family: 'Arial',sans-serif;\">Die Kosten sollte man in ein Verh\u00e4ltnis zu den Menschen-Werten setzen, die sich an den Stab h\u00e4ngen. Dann ist diese Diskussion relativ schnell beendet.<\/span><\/p>\n<p style=\"text-align: justify;\"><span style=\"font-size: 11.0pt; font-family: 'Arial',sans-serif;\">Ein Stab kostet \u00fcber 15 Jahre abgeschrieben 60 Franken im Jahr. Daf\u00fcr bekomme ich nicht einmal einen Monat Fernsehen und Internet. Ein Verein mit 30 St\u00e4ben muss j\u00e4hrlich 2 St\u00e4be erneuern (buchhalterisch), um sein Sortiment \u00e0 jour zu behalten. 30 St\u00e4be sind schon eine Menge.<\/span><\/p>\n<p style=\"text-align: justify;\"><span style=\"font-size: 11.0pt; font-family: 'Arial',sans-serif;\">So machen wir es in Winterthur, seit ich das eingef\u00fchrt habe. Man verhindert so, eines Tages dem technischen Leiter erkl\u00e4ren zu m\u00fcssen, du wir brauchen dieses Jahr 10 neue St\u00e4be, sorry, kostet 9&#8217;000.-.<\/span><\/p>\n<p style=\"text-align: justify;\"><span style=\"font-size: 11.0pt; font-family: 'Arial',sans-serif;\">Die Alternative zu meinen \u00dcberlegungen ist, dass irgendwann ein zu alter Stab bricht und dann hast du, lieber Leser vielleicht die Schuld, weil ich es dir heute mit diesem Artikel erkl\u00e4rt habe&#8230;.<\/span><\/p>\n<p style=\"text-align: justify;\"><span style=\"font-size: 11.0pt; font-family: 'Arial',sans-serif;\">\u2026 (ich lasse das kurz einsinken)<\/span><\/p>\n<p style=\"text-align: justify;\"><span style=\"font-size: 11.0pt; font-family: 'Arial',sans-serif;\">Ich gehe oft auf Athleten zu und frage sie, schaue mal, der Stab da, der ist \u00e4lter wie du, was meinst du dazu?<\/span><\/p>\n<p style=\"text-align: justify;\"><span style=\"font-size: 11.0pt; font-family: 'Arial',sans-serif;\">Ich blicke in leere, fragende Gesichter &#8211; aber irgendwo im Hinterkopf sieht man meistens etwas d\u00e4mmern, dass das schon komisch ist. Wenn ich ihnen dann die vorstehende Geschichte erz\u00e4hlt habe, denken sie anders dar\u00fcber.<\/span><\/p>\n<p style=\"text-align: justify;\"><span style=\"font-size: 11.0pt; font-family: 'Arial',sans-serif;\">Ein Stabbruch verschafft einem von einem Schock \u00fcber tiefe Wunden bis zu Knochenbr\u00fcchen, meist in der unteren Griffhand, durch die extremen Vibrationen, die ein Bruch ausl\u00f6st. Passiert das wegen \u00dcberalterung eines Stabes, w\u00e4re das einfach zu verhindern gewesen.<\/span><\/p>\n<p style=\"text-align: justify;\"><span style=\"font-size: 11.0pt; font-family: 'Arial',sans-serif;\">Schaut euch euer Material an. Pr\u00fcft das Alter. Wehrt euch gegen \u00fcberaltertes Material. Es kann lebensgef\u00e4hrlich sein.<\/span><\/p>\n\n\n<p><\/p>\n","protected":false},"excerpt":{"rendered":"<div class=\"entry-summary\">\nPDF-Download Diese Thematik besch\u00e4ftigt mich pers\u00f6nlich sehr. Nicht nur von Berufs wegen \u2013 Stichworte Haftpflicht und Verantwortlichkeit. Der Geburtstag\/Jahrgang eines Stabes ist auf jedem Stab ab oberen Ende markiert. Auf den \u00e4lteren St\u00e4ben (und allen UCS\/Spirit St\u00e4ben) ist er eingeritzt&hellip;\n<\/div>\n<div class=\"link-more\"><a href=\"http:\/\/www.stabhoch.ch\/?page_id=271\" class=\"more-link\">Continue reading<span class=\"screen-reader-text\"> &ldquo;St\u00e4be altern &#8211; wie alles andere auch&rdquo;<\/span>&hellip;<\/a><\/div>\n","protected":false},"author":1,"featured_media":0,"parent":0,"menu_order":0,"comment_status":"closed","ping_status":"closed","template":"","meta":[],"_links":{"self":[{"href":"http:\/\/www.stabhoch.ch\/index.php?rest_route=\/wp\/v2\/pages\/271"}],"collection":[{"href":"http:\/\/www.stabhoch.ch\/index.php?rest_route=\/wp\/v2\/pages"}],"about":[{"href":"http:\/\/www.stabhoch.ch\/index.php?rest_route=\/wp\/v2\/types\/page"}],"author":[{"embeddable":true,"href":"http:\/\/www.stabhoch.ch\/index.php?rest_route=\/wp\/v2\/users\/1"}],"replies":[{"embeddable":true,"href":"http:\/\/www.stabhoch.ch\/index.php?rest_route=%2Fwp%2Fv2%2Fcomments&post=271"}],"version-history":[{"count":8,"href":"http:\/\/www.stabhoch.ch\/index.php?rest_route=\/wp\/v2\/pages\/271\/revisions"}],"predecessor-version":[{"id":1080,"href":"http:\/\/www.stabhoch.ch\/index.php?rest_route=\/wp\/v2\/pages\/271\/revisions\/1080"}],"wp:attachment":[{"href":"http:\/\/www.stabhoch.ch\/index.php?rest_route=%2Fwp%2Fv2%2Fmedia&parent=271"}],"curies":[{"name":"wp","href":"https:\/\/api.w.org\/{rel}","templated":true}]}}