{"id":648,"date":"2019-09-13T18:06:37","date_gmt":"2019-09-13T18:06:37","guid":{"rendered":"http:\/\/www.stabhoch.ch\/?page_id=648"},"modified":"2020-09-17T21:58:05","modified_gmt":"2020-09-17T21:58:05","slug":"frans-bosch-strength-training-and-coordination-an-integrative-approach","status":"publish","type":"page","link":"http:\/\/www.stabhoch.ch\/?page_id=648","title":{"rendered":"Frans Bosch &#8211; Strength training and coordination: an integrative approach"},"content":{"rendered":"<p><img loading=\"lazy\" class=\"alignnone size-full wp-image-653\" src=\"http:\/\/www.stabhoch.ch\/wp-content\/uploads\/2019\/09\/Bosch.jpg\" alt=\"\" width=\"304\" height=\"429\" srcset=\"http:\/\/www.stabhoch.ch\/wp-content\/uploads\/2019\/09\/Bosch.jpg 304w, http:\/\/www.stabhoch.ch\/wp-content\/uploads\/2019\/09\/Bosch-213x300.jpg 213w\" sizes=\"(max-width: 304px) 100vw, 304px\" \/><\/p>\n<p>Frans Bosch muss nicht vorgestellt werden, das kann Google \u00fcbernehmen und auch auf Instagram wird man rasch f\u00fcndig.<\/p>\n<p>Dieses Buch hat eine relativ hohe Flugh\u00f6he, sprich es braucht viel Vorwissen, um das Buch gewinnbringend einzusetzen.<\/p>\n<p>Wenn man das Vorwissen hat, ist es eine Offenbarung. In meiner Trainerkarriere w\u00fcrde ich es als den wichtigsten Meilenstein meiner Lernkurve bezeichnen. Es hat meine Sichtweise dessen was wir Trainer tun, bewirken wollen, von unserem Training erwarten, grundlegend ver\u00e4ndert.<\/p>\n<p>Ich habe die klassische Lekt\u00fcre der Trainingswissenschaften gelesen, Weineck, Schnabel\/Harre\/Krug\/Borde, Martin\/Carl\/Lehnertz, Hegner\/Hotz\/Kunz. Wenn man mit diesem Grundwissen (das freiwilich nach Bosch teilweise grundfalsch ist) an dieses Buch herangeht, erh\u00e4lt man eine ganz neue Sichtweise der Dinge.<\/p>\n<p>Wer sagt, dass beidbeinige Kniebeugen f\u00fcr einen Hochspringer von Nutzen sind? Wieso trainieren Leichtathleten \u00fcberhaupt etwas beidbeinig? Bosch stellt Dogmen in Frage &#8211; und hat Antworten.<\/p>\n<p>Ein ganz wesentlicher Aspekt, den Bosch beleuchtet: Jeder Muskel hat eine bestimmte Funktionsweise, die sich \u00fcber hundertausende von Jahren herausgebildet hat. Z.B. die Wade (im Zusammenspiel mit der Achillessehne) funktioniert isometrisch\/reaktiv, ein H\u00fcftbeuger exzentrisch\/konzentrisch. Wenn wir entgegen dieser Grundlage\u00a0 trainieren, kann uns kein Erfolg beschienen sein. Hamstring-Curls und Wadenstrecker sind nach Bosch nicht nur Zeitverschwendung, sie ver\u00e4ndern den Muskeln schlicht in eine Richtung, die beispielsweise in der Leichtathletik nicht gebraucht wird. Auf eine Wade wirken beim Absprung Kr\u00e4fte (bis zu einer Tonne), die beim Wadenstrecker nicht ansatzweise, nicht einmal um einen Faktor 3 kleiner erreicht werden (wer macht schon wadenstrecker, einbeinig!!, mit 300kg?). Eine Wade muss sich nicht dehnen\/strecken, sie muss schlicht nur dagegenhalten, w\u00e4hrend die Sehnen federn. Eine Wade wird richtiggehend langsam, wenn wir sie darin trainieren, gegen eine mickrige Last von 120kg zu strecken (einbeinig!).<\/p>\n<p>Ein weiterer wichtiger Punkt ist, die Feststellung, dass unser K\u00f6rper grunds\u00e4tzlich kein Interesse daran hat, dass wir in etwas Weltmeister werden. Das erste Ziel des Organismus ist zu \u00fcberleben bis zur Fortpflanzung. Dass ein K\u00f6rper eine Bewegung lernt, ist ein komplexer Vorgang. Wie ein K\u00f6rper eine Bewegung lernt, die ihm nicht gegeben ist, ist kein linearer Vorgang.<\/p>\n<p>Wer seine bestehenden Trainingspl\u00e4ne mit Boschs Ansatz durchk\u00e4mmt, unn\u00f6tiges und unwirksames aussortiert, erarbeitet sich effizientere und auch ges\u00fcndere Trainingsformen.<\/p>\n<p>Ich kann das Buch jedem erfahrenen Trainer empfehlen.<\/p>\n<p>Was man von diesem Buch nicht erwarten darf, sind konkrete Trainingstipps und Trainings\u00fcbungen. Das Buch hat schon auch Beispiele zur Hand. Aber das Buch ist von grunds\u00e4tzlicherer Natur &#8211; wie Philosophie f\u00fcr den Sport. Wenn man ein Trainerswissen von z.B. 10 Jahren Erfahrung hat, dann liest man dieses Buch und \u00e4ndert sein Training, optimiert es. Wer keine Erfahrung hat, wird an diesem Buch verzweifeln, denn wer noch nicht weiss, worin ein Leichtathletik-Training im Alltag besteht, der kann die Prinzipien und \u00dcberlegungen von Bosch auch nicht darauf anwenden.<\/p>\n","protected":false},"excerpt":{"rendered":"<div class=\"entry-summary\">\nFrans Bosch muss nicht vorgestellt werden, das kann Google \u00fcbernehmen und auch auf Instagram wird man rasch f\u00fcndig. Dieses Buch hat eine relativ hohe Flugh\u00f6he, sprich es braucht viel Vorwissen, um das Buch gewinnbringend einzusetzen. Wenn man das Vorwissen hat,&hellip;\n<\/div>\n<div class=\"link-more\"><a href=\"http:\/\/www.stabhoch.ch\/?page_id=648\" class=\"more-link\">Continue reading<span class=\"screen-reader-text\"> &ldquo;Frans Bosch &#8211; Strength training and coordination: an integrative approach&rdquo;<\/span>&hellip;<\/a><\/div>\n","protected":false},"author":1,"featured_media":0,"parent":0,"menu_order":0,"comment_status":"closed","ping_status":"closed","template":"","meta":[],"_links":{"self":[{"href":"http:\/\/www.stabhoch.ch\/index.php?rest_route=\/wp\/v2\/pages\/648"}],"collection":[{"href":"http:\/\/www.stabhoch.ch\/index.php?rest_route=\/wp\/v2\/pages"}],"about":[{"href":"http:\/\/www.stabhoch.ch\/index.php?rest_route=\/wp\/v2\/types\/page"}],"author":[{"embeddable":true,"href":"http:\/\/www.stabhoch.ch\/index.php?rest_route=\/wp\/v2\/users\/1"}],"replies":[{"embeddable":true,"href":"http:\/\/www.stabhoch.ch\/index.php?rest_route=%2Fwp%2Fv2%2Fcomments&post=648"}],"version-history":[{"count":4,"href":"http:\/\/www.stabhoch.ch\/index.php?rest_route=\/wp\/v2\/pages\/648\/revisions"}],"predecessor-version":[{"id":801,"href":"http:\/\/www.stabhoch.ch\/index.php?rest_route=\/wp\/v2\/pages\/648\/revisions\/801"}],"wp:attachment":[{"href":"http:\/\/www.stabhoch.ch\/index.php?rest_route=%2Fwp%2Fv2%2Fmedia&parent=648"}],"curies":[{"name":"wp","href":"https:\/\/api.w.org\/{rel}","templated":true}]}}